n 126 is divided by 65?
61
Calculate the remainder when 4319 is divided by 108.
107
Calculate the remainder when 79 is divided by 30.
19
What is the remainder when 65 is divided by 33?
32
What is the remainder when 1544 is divided by 96?
8
What is the remainder when 113 is divided by 10?
3
What is the remainder when 411 is divided by 22?
15
What is the remainder when 303 is divided by 30?
3
Calculate the remainder when 2302 is divided by 9.
7
Calculate the remainder when 74 is divided by 49.
25
Calculate the remainder when 209 is divided by 35.
34
What is the remainder when 1292 is divided by 27?
23
Calculate the remainder when 898 is divided by 12.
10
What is the remainder when 189 is divided by 74?
41
Calculate the remainder when 4555 is divided by 93.
91
What is the remainder when 4945 is divided by 706?
3
Calculate the remainder when 422 is divided by 73.
57
Calculate the remainder when 128 is divided by 38.
14
What is the remainder when 507 is divided by 18?
3
Calculate the remainder when 309 is divided by 35.
29
What is the remainder when 3893 is divided by 15?
8
What is the remainder when 696 is divided by 44?
36
What is the remainder when 65 is divided by 24?
17
What is the remainder when 2618 is divided by 19?
15
What is the remainder when 383 is divided by 105?
68
What is the remainder when 1406 is divided by 15?
11
Calculate the remainder when 18728 is divided by 42.
38
What is the remainder when 43 is divided by 23?
20
What is the remainder when 444 is divided by 124?
72
What is the remainder when 1677 is divided by 825?
27
Calculate the remainder when 2894 is divided by 88.
78
Calculate the remainder when 6395 is divided by 79.
75
Calculate the remainder when 329 is divided by 15.
14
What is the remainder when 185 is divided by 3?
2
Calculate the remainder when 134 is divided by 100.
34
What is the remainder when 7648 is divided by 25?
23
Calculate the remainder when 2042 is divided by 11.
7
What is the remainder when 16 is divided by 10?
6
What is the remainder when 347 is divided by 5?
2
What is the remainder when 1179 is divided by 587?
5
Calculate the remainder when 87 is divided by 16.
7
Calculate the remainder when 115 is divided by 30.
25
What is the remainder when 317 is divided by 79?
1
What is the remainder when 64 is divided by 7?
1
What is the remainder when 896 is divided by 296?
8
Calculate the remainder when 97 is divided by 7.
6
What is the remainder when 349 is divided by 161?
27
Calculate the remainder when 1661 is divided by 62.
49
What is the remainder when 199 is divided by 8?
7
What is the remainder when 317 is divided by 4?
1
What is the remainder when 598 is divided by 34?
20
Calculate the remainder when 584 is divided by 181.
41
Calculate the remainder when 545 is divided by 100.
45
Calculate the remainder when 138 is divided by 26.
8
What is the remainder when 1341 is divided by 36?
9
Calculate the remainder when 166 is divided by 147.
19
What is the remainder when 140 is divided by 36?
32
What is the remainder when 356 is divided by 40?
36
Calculate the remainder when 25 is divided by 17.
8
What is the remainder when 230 is divided by 9?
5
Calculate the remainder when 26049 is divided by 239.
237
What is the remainder when 1322 is divided by 125?
72
What is the remainder when 7916 is divided by 74?
72
Calculate the remainder when 1718 is divided by 43.
41
What is the remainder when 42877 is divided by 320?
317
Calculate the remainder when 2903 is divided by 132.
131
What is the remainder when 91 is divided by 4?
3
Calculate the remainder when 194 is divided by 70.
54
Calculate the remainder when 1989 is divided by 14.
1
What is the remainder when 1114 is divided by 29?
12
Calculate the remainder when 1573 is divided by 35.
33
Calculate the remainder when 64 is divided by 22.
20
Calculate the remainder when 66 is divided by 20.
6
Calculate the remainder when 15113 is divided by 126.
119
What is the remainder when 328 is divided by 57?
43
Calculate the remainder when 213 is divided by 16.
5
What is the remainder when 1439 is divided by 32?
31
Calculate the remainder when 477 is divided by 107.
49
What is the remainder when 39503 is divided by 16?
15
What is the remainder when 196 is divided by 59?
19
Calculate the remainder when 1073 is divided by 534.
5
Calculate the remainder when 94 is divided by 59.
35
What is the remainder when 70 is divided by 4?
2
Calculate the remainder when 6001 is divided by 69.
67
What is the remainder when 1242 is divided by 66?
54
What is the remainder when 1031 is divided by 133?
100
What is the remainder when 203 is divided by 12?
11
Calculate the remainder when 70 is divided by 69.
1
What is the remainder when 89 is divided by 39?
11
Calculate the remainder when 127 is divided by 10.
7
Calculate the remainder when 991 is divided by 66.
1
What is the remainder when 17 is divided by 5?
2
Calculate the remainder when 50 is divided by 2.
0
What is the remainder when 5039 is divided by 10?
9
What is the remainder when 906 is divided by 41?
4
What is the remainder when 117 is divided by 30?
27
Calculate the remainder when 4327 is divided by 114.
109
What is the remainder when 52 is divided by 27?
25
Calculate the remainder when 1587 is divided by 40.
27
Calculate the remainder when 371 is divided by 219.
152
Calculate the remainder when 380 is divided by 24.
20
What is the remainder when 992 is divided by 962?
30
Calculate the remainder when 66 is divided by 40.
26
What is the remainder when 631 is divided by 112?
71
What is the remainder when 53 is divided by 10?
3
What is the remainder when 84 is divided by 1?
0
What is the remainder when 201 is divided by 78?
45
Calculate the remainder when 680 is divided by 114.
110
Calculate the remainder when 31196 is divided by 260.
256
What is the remainder when 91 is divided by 33?
25
Calculate the remainder when 58 is divided by 15.
13
What is the remainder when 230 is divided by 19?
2
What is the remainder when 338 is divided by 121?
96
What is the remainder when 444 is divided by 55?
4
Calculate the remainder when 140 is divided by 18.
14
What is the remainder when 1959 is divided by 13?
9
What is the remainder when 987 is divided by 52?
51
Calculate the remainder when 255 is divided by 139.
116
Calculate the remainder when 1635 is divided by 68.
3
What is the remainder when 405 is divided by 83?
73
Calculate the remainder when 72 is divided by 32.
8
What is the remainder when 20511 is divided by 78?
75
Calculate the remainder when 1355 is divided by 275.
255
What is the remainder when 160 is divided by 50?
10
Calculate the remainder when 458 is divided by 23.
21
What is the remainder when 102 is divided by 18?
12
What is the remainder when 62 is divided by 3?
2
Calculate the remainder when 1111 is divided by 237.
163
What is the remainder when 181 is divided by 68?
45
What is the remainder when 1630 is divided by 68?
66
Calculate the remainder when 1668 is divided by 74.
40
What is the remainder when 1179 is divided by 30?
9
What is the remainder when 503 is divided by 11?
8
What is the remainder when 2830 is divided by 9?
4
What is the remainder when 73 is divided by 3?
1
Calculate the remainder when 2828 is divided by 24.
20
What is the remainder when 484 is divided by 123?
115
Calculate the remainder when 291 is divided by 6.
3
Calculate the remainder when 35 is divided by 9.
8
What is the remainder when 607 is divided by 3?
1
Calculate the remainder when 69 is divided by 19.
12
Calculate the remainder when 272 is divided by 28.
20
Calculate the remainder when 156 is divided by 62.
32
What is the remainder when 67 is divided by 14?
11
Calculate the remainder when 2371 is divided by 266.
243
Calculate the remainder when 609 is divided by 23.
11
Calculate the remainder when 57 is divided by 13.
5
What is the remainder when 347 is divided by 35?
32
What is the remainder when 577 is divided by 27?
10
Calculate the remainder when 812 is divided by 222.
146
Calculate the remainder when 87459 is divided by 129.
126
Calculate the remainder when 131 is divided by 66.
65
Calculate the remainder when 1064 is divided by 13.
11
What is the remainder when 41 is divided by 9?
5
What is the remainder when 385 is divided by 65?
60
What is the